 + 9*i(v). What is s(-6)?
-8
Let p(d) = d - 1. Let u(z) = -z**2 - 10*z + 12. Let n(x) = -6*p(x) - u(x). Suppose -g + 6 = g. Suppose -3*w - 8*v - g = -4*v, -3*v = -9. Give n(w).
-1
Let v(g) be the third derivative of g**7/2520 + g**6/180 - g**5/30 + 2*g**2. Let m(u) be the third derivative of v(u). Calculate m(-3).
-2
Let w(k) = 2*k**3 - 4*k**2 - 2. Let b = -1 + 8. Let q(s) = 5*s**3 - 8*s**2 - 4. Let y(j) = b*w(j) - 3*q(j). Calculate y(-3).
-11
Let x(o) = 2*o - 18. Let h be x(8). Let l(f) be the first derivative of -f**4/2 - f**3 - f**2/2 - 2. Give l(h).
6
Let x = -46 - -52. Let d(t) = -t**3 + 7*t**2 - 8*t + 5. Determine d(x).
-7
Let q(b) = -b**3 + 2*b**2 + b. Let a be q(3). Let v(h) = -3*h - 5. What is v(a)?
13
Let z = -8 + 11. Let i(b) be the second derivative of -b**5/20 + b**4/6 + b**3/2 + 3*b**2/2 + 16*b. What is i(z)?
3
Let v = 0 - 0. Let x(p) be the third derivative of -p**6/120 - p**5/60 - p**4/24 + 2*p**3/3 + p**2. What is x(v)?
4
Let d(a) be the first derivative of a**4/4 - 2*a**3 + 2*a**2 + 2*a + 2. Suppose 0 = 3*p - 2*y - 17, -y - 4 = -3. Give d(p).
-3
Let k(n) be the first derivative of -n**2/2 + 4*n - 2. Give k(0).
4
Let u(f) = -f**2 + 5*f + 2. Suppose m - 13 = 3*s - 1, 0 = -5*m + 4*s + 27. What is u(m)?
8
Suppose 7 = 2*f + 5. Let u(g) = 15*g**3 - g. Determine u(f).
14
Let z(f) = 5*f**2 - 2*f + 9. Let a(y) = 6*y**2 - 3*y + 10. Let q(v) = -6*a(v) + 7*z(v). Let x(u) be the first derivative of q(u). Calculate x(4).
-4
Let k(t) = -t + 1. Let b(n) = -n - 3*n + 3 + n. Let y = 2 + -4. Let a(v) = y*b(v) + 4*k(v). What is a(-4)?
-10
Let g(i) = 2 + i**2 + 7 - 5*i - 7. Determine g(3).
-4
Let w(n) = n**3 - 2*n**2 - n + 2. Let q(j) = 2*j - 22. Let b be q(12). Determine w(b).
0
Let p(j) = j**3 + 4*j**2 - 7*j - 5. Let c be p(-5). Suppose -8 - 12 = -4*t. Let v(n) = -4 + t + 2*n - 4. Determine v(c).
7
Let y(m) = 4*m - 5*m - 2 + 4. Let h = -2 - -3. Let s = h - -3. What is y(s)?
-2
Let g(i) = i + 14. Let h be g(-12). Let o(s) = -12 + h*s - 2*s - s. Determine o(-5).
-7
Let k be ((-30)/(-12))/(1/(-2)). Let u(b) be the third derivative of -1/24*b**4 + 0*b - 11/6*b**3 + 0 + b**2. Calculate u(k).
-6
Suppose -2*t + 25 = 3*t. Suppose -s = -t*s - 24. Let c(q) = -2*q - 7. What is c(s)?
5
Let g(o) = -o**3 - 4*o**2 - 4 - 19*o + 35*o - 18*o. What is g(-4)?
4
Let y(w) = w**2 + 8*w - 3. Let u be 2/4 + 38/(-4). Give y(u).
6
Let s(d) = -13*d**3 + 16*d**2 + d + 16. Let p(k) = 3*k**3 - 4*k**2 - 4. Let l(j) = 9*p(j) + 2*s(j). Give l(3).
-7
Let r(u) = -7*u - 3. Let i(f) = 3*f + 2. Let c(w) = 5*i(w) + 3*r(w). Suppose 3*p - 2*p + 15 = 0. Let x(o) = -o - 14. Let n be x(p). What is c(n)?
-5
Let o(k) = k**2 + 3*k - 6. Let n be 35 - (-2 + -1 - -3). Suppose 0 = 2*y - 5*x + n, 5*x = 4*y - y + 40. Determine o(y).
4
Let z(h) = h + 1. Let a(m) = -11 - 2*m - 5*m + 3*m - 6*m. Let d(v) = -6*a(v) - 66*z(v). Suppose 4*p + 11 - 32 = g, 3*p = 3*g + 18. Give d(g).
6
Let v be 3/(-12) - 46/8. Let n(l) = -l**2 - 8*l - 7. What is n(v)?
5
Let b(l) be the second derivative of 3*l**5/10 + 4*l**3/3 + l**2/2 + 3*l. Let g(m) = -7*m**3 + m**2 - 9*m - 1. Let k(v) = -6*b(v) - 5*g(v). Determine k(-2).
-7
Suppose -11*f = -12*f + 4. Let q(c) be the first derivative of c**4/4 - 4*c**3/3 + c**2/2 + 4*c + 4. Calculate q(f).
8
Suppose 0*q - 2*q + 4*k - 8 = 0, -4*k = -q - 12. Let x(z) = -q*z**2 + z - 1 - 2*z**2 - z**2. What is x(1)?
-7
Let p(u) = 2*u - 2. Let o be p(4). Let g = 10 + -8. Let d(j) = g*j + 3*j + 1 - o*j - 2. Determine d(-3).
2
Let b(j) = j**2 + 10*j - 10. Let s(i) = i**2 + 21*i + 58. Let l be s(-17). Give b(l).
-10
Let u(s) = -s**2. Let n(a) = -3*a**2 - 5*a - 1. Let j(x) = n(x) - 2*u(x). Let q(v) = -3*v - 7. Let i be q(-6). Suppose -i = 4*w + 5. Give j(w).
3
Let o = -7 + 14. Suppose -5*m - 25 = -2*x + o*x, 3*x + 5 = -m. Let f(v) = -v - 13. What is f(x)?
-13
Let m be 4*(-1)/(-4) - -25. Let o be m/10 + (-6)/(-15). Let p(d) = d - 1. What is p(o)?
2
Let l(o) = -4*o**2 - 3*o**3 + 3 + 2*o**3 + o**3 + o**3. Give l(4).
3
Let h(l) = l**2 + 8. Let o be -2 - ((0 - 1) + (-16)/16). Give h(o).
8
Suppose -3*g + 20 = -7*g. Suppose 0 = 5*t + 2*z - 39, -5*t - 2*z + 4*z = -31. Let k(b) = 3*b + 2*b + 2*b - 5*b + t. Determine k(g).
-3
Suppose -q - 2 - 19 = 4*j, -j - 2*q = 0. Let x(l) = l**2 + 5*l - 6. Calculate x(j).
0
Let h(r) be the first derivative of -r**2/2 - 6*r + 7. What is h(5)?
-11
Let g(r) = -5*r**3 + 5*r**2 + 8*r - 8. Let b(o) = o**3 - o**2 - o + 1. Let f(a) = -6*b(a) - g(a). Give f(2).
-6
Let p(v) = -2*v**2 - 3*v - 1. Suppose -3 = -2*m + 3*m. Give p(m).
-10
Let c(q) = -2*q - 6. Suppose 7*n - 3*n - 3 = -d, 0 = d + 3*n - 3. Suppose 0 = d*m + 7 + 11. Give c(m).
6
Let s(v) be the first derivative of -v**3 - 1/120*v**5 + 0*v + 0*v**2 - 5/24*v**4 - 1. Let r(g) be the third derivative of s(g). Determine r(5).
-10
Let x(b) be the third derivative of -b**6/120 + b**5/20 - b**3/3 + 6*b**2. What is x(3)?
-2
Let t(a) be the third derivative of a**6/120 + a**5/15 - a**3/6 + 18*a**2. Let j = -2 + 0. Determine t(j).
7
Let w(d) be the third derivative of 0*d + 6*d**2 - 1/2*d**3 + 0 + 1/24*d**4 + 1/60*d**5. Determine w(3).
9
Let l = -12 - -6. Let q(p) be the third derivative of -p**6/360 - p**5/20 + p**4/3 + p**3/2 - 4*p**2. Let r(j) be the first derivative of q(j). Calculate r(l).
8
Let l(o) = -o - 3. Suppose 3*r - 5*q + 14 = 0, -5*r + r + 2*q = 14. Give l(r).
0
Let q(k) be the third derivative of k**4/4 + k**3/6 - 14*k**2. Suppose -2*c - 2*c = 4. Calculate q(c).
-5
Let f(u) = -u**2 - u. Let l(t) = -t**2. Let j(a) = f(a) - 4*l(a). Suppose 4*q = 2*v + 12, q - 2 = 5*v - 8. What is j(v)?
10
Let u(f) = 7 + f - 1 - 12. Calculate u(5).
-1
Let b(c) = -73*c**2 + 38*c**2 - 10*c - c**3 + 3 + 43*c**2. Give b(7).
-18
Let s(d) = -d**2 + d - 4. Suppose -3*g = 2*q - 22 + 5, -2*g - 4*q + 22 = 0. Calculate s(g).
-10
Let t(c) = c + 1. Let n(l) = -l + 3*l + 4 - 3. Let g(o) = -o**2 + 6*o - 3. Let s be g(6). Let p be n(s). Give t(p).
-4
Let p(z) = -4*z - 5. Let r(o) = o + 1. Let n = -3 - -5. Let t = 30 - 19. Let v(a) = n*p(a) + t*r(a). Calculate v(2).
7
Let w(g) = g + 1 + g - 3*g + 2. Let c(x) = -x**2 + 2*x + 3. Let m be c(3). Determine w(m).
3
Suppose -37*x = -41*x - 20. Let o(v) = -v**2 - 7*v + 1. Determine o(x).
11
Let r(z) = 5*z - 3. Suppose 5*k + 3*d - 7 = 0, 0*k + k - 5 = 3*d. Suppose -k*l + 3 = -1. Give r(l).
7
Let b(y) be the first derivative of 3/2*y**2 - y - 2. Calculate b(5).
14
Let j(d) = 2*d**2 + 1. Let l(p) = -4*p + 7 + 6*p - 2*p + p. Let z be l(-8). Let o be z/(-4)*-2*-2. What is j(o)?
3
Suppose -2*k - 2*v = 3*k + 47, -3*k = 3*v + 30. Let y(g) = -2*g - 11. What is y(k)?
7
Let w(j) = 4*j - 3*j - 2*j + 8*j**2 + 3*j + 1. Let l be -2*3/(-6) - -4. Suppose -5*c + l*u = 20, -c = -0*u + 5*u - 14. What is w(c)?
7
Let o(f) = 5*f. Let u be o(1). Suppose -w + 34 = 5*a, u*a - 57 = -4*w - 11. Let c(b) = b**2 - 5*b - 3. Give c(a).
3
Let h(o) = 7*o**3 + o**2. Suppose 0 = -22*i + 20*i - 2. Calculate h(i).
-6
Let u be -1*(3 + -4) - (-1)/(-1). Let h(l) = -l**3 + l**2 + l + 14. Give h(u).
14
Let m(o) be the first derivative of 2 + 1/3*o**3 + 2*o - 3/2*o**2. Suppose 3*u = 5 + 4. Calculate m(u).
2
Let f(i) = 2*i**2 - 2 + 2*i + 7*i**2 - 8*i**2 - 2*i**2. Determine f(4).
-10
Let t(b) = b**2 + 17*b - 3. Let o be t(-17). Let d(y) = -2*y + 2. Give d(o).
8
Suppose 6*w - 5*w = 0. Suppose -3*v = -3 - w. Let g(f) be the first derivative of f**4/4 - f**3/3 - 1. Calculate g(v).
0
Let t(o) = -4 + 6*o**2 - 5*o**2 - o + 11 + 8*o. Determine t(-6).
1
Let c = 9 + -10. Let t(m) be the third derivative of m**4/12 + m**3/2 - m**2. Let i(q) = 3*q + 4. Let g(h) = -3*i(h) + 4*t(h). What is g(c)?
1
Let i(w) = -6*w**2. Let l be (-6)/4*(-96)/(-18). Let y = 7 + l. Calculate i(y).
-6
Let i(p) = -2*p. Let t be i(-1). Let w(k) = -8*k + 2*k + 3 + 9*k + k**3 - 2*k + k**t. Give w(0).
3
Let a(n) be the second derivative of 0 - 2/3*n**3 - 3/2*n**2 - 1/6*n**4 + 3*n. What is a(-2)?
-3
Suppose 10 = c - 2*d, 3 + 20 = 2*c - 3*d. Suppose 3*s - 7 = -4*z - 3, 2*s - 4*z - c = 0. Let u = s - 8. Let q(g) = -2*g - 4. Calculate q(u).
4
Let n be (11 - 1)*(-15)/(-30). Let y(q) = q - 2*q**3 - n*q + 3*q - q**2. Calculate y(-1).
2
Let f(b) = -b**2 + 8*b - 4. Let v = 23 + -15. Calculate f(v).
-4
Let p(l) = -l**3 + 15*l**2 - 14*l. Let a be p(14). Let g(o) = o - 17. What is g(a)?
-17
Let x(l) = -6